1, 173
List the prime factors of 3219859.
3219859
What are the prime factors of 1395655?
5, 279131
What are the prime factors of 379978?
2, 189989
List the prime factors of 16056937.
13, 1235149
List the prime factors of 6918505.
5, 11, 125791
What are the prime factors of 169302?
2, 3, 7, 29, 139
List the prime factors of 415251.
3, 29, 37, 43
What are the prime factors of 7286014?
2, 103, 113, 313
List the prime factors of 35500.
2, 5, 71
List the prime factors of 10098666.
2, 3, 461, 1217
List the prime factors of 296427.
3, 98809
What are the prime factors of 8898336?
2, 3, 3433
List the prime factors of 17891927.
29, 59, 10457
What are the prime factors of 925122?
2, 3, 11, 107, 131
What are the prime factors of 301785?
3, 5, 11, 31, 59
What are the prime factors of 3485385?
3, 5, 73, 1061
List the prime factors of 7290141.
3, 2430047
What are the prime factors of 558310?
2, 5, 31, 1801
What are the prime factors of 475553?
13, 157, 233
List the prime factors of 2716366.
2, 1358183
List the prime factors of 3816860.
2, 5, 190843
List the prime factors of 1258583.
23, 54721
What are the prime factors of 1392610?
2, 5, 47, 2963
List the prime factors of 913247.
913247
What are the prime factors of 855341?
73, 11717
What are the prime factors of 247330?
2, 5, 24733
List the prime factors of 336147.
3, 7, 16007
What are the prime factors of 219798?
2, 3, 12211
List the prime factors of 4229737.
29, 157, 929
List the prime factors of 48850.
2, 5, 977
What are the prime factors of 8660657?
8660657
What are the prime factors of 18595821?
3, 1237, 5011
What are the prime factors of 435340?
2, 5, 21767
What are the prime factors of 1346519?
17, 103, 769
What are the prime factors of 4019732?
2, 53, 67, 283
What are the prime factors of 1503934?
2, 31, 127, 191
List the prime factors of 9616547.
9616547
What are the prime factors of 35976408?
2, 3, 13, 115309
List the prime factors of 780627.
3, 260209
What are the prime factors of 1701125?
5, 31, 439
What are the prime factors of 503424?
2, 3, 19, 23
What are the prime factors of 9299473?
31, 299983
List the prime factors of 2253580.
2, 5, 7, 16097
What are the prime factors of 7359989?
7, 13, 31, 2609
What are the prime factors of 218581?
11, 31, 641
List the prime factors of 561589.
7, 73, 157
What are the prime factors of 7477?
7477
What are the prime factors of 5013148?
2, 7, 179041
What are the prime factors of 18939954?
2, 3, 11, 347, 827
List the prime factors of 1555174.
2, 421, 1847
List the prime factors of 2059352.
2, 47, 5477
What are the prime factors of 251607?
3, 83869
What are the prime factors of 407493?
3, 19, 2383
What are the prime factors of 67260?
2, 3, 5, 19, 59
List the prime factors of 89414.
2, 13, 19, 181
What are the prime factors of 295931?
139, 2129
List the prime factors of 87070.
2, 5, 8707
List the prime factors of 1502901.
3, 55663
List the prime factors of 2685544.
2, 335693
What are the prime factors of 453298?
2, 226649
List the prime factors of 1843616.
2, 17, 3389
What are the prime factors of 853832?
2, 7, 79, 193
What are the prime factors of 1345985?
5, 241, 1117
What are the prime factors of 1384802?
2, 692401
List the prime factors of 415719.
3, 89, 173
What are the prime factors of 214502?
2, 107251
List the prime factors of 29473811.
29473811
List the prime factors of 2682541.
2682541
What are the prime factors of 10016116?
2, 11, 19, 11981
What are the prime factors of 490776?
2, 3, 11, 13
List the prime factors of 457354.
2, 228677
What are the prime factors of 8611971?
3, 2870657
What are the prime factors of 493368?
2, 3, 61, 337
What are the prime factors of 5031238?
2, 19, 31, 4271
List the prime factors of 163380.
2, 3, 5, 7, 389
What are the prime factors of 1290811?
1290811
What are the prime factors of 194846?
2, 97423
What are the prime factors of 1558347?
3, 7, 10601
What are the prime factors of 295809?
3, 151, 653
List the prime factors of 1330642.
2, 23, 28927
List the prime factors of 748352.
2, 11, 1063
What are the prime factors of 515714?
2, 257857
List the prime factors of 708783.
3, 236261
List the prime factors of 64035.
3, 5, 1423
What are the prime factors of 114169?
11, 97, 107
What are the prime factors of 379620?
2, 3, 5, 19, 37
List the prime factors of 967405.
5, 163, 1187
List the prime factors of 21944.
2, 13, 211
What are the prime factors of 332157?
3, 7, 15817
What are the prime factors of 27494989?
27494989
What are the prime factors of 420734?
2, 211, 997
What are the prime factors of 3129820?
2, 5, 156491
List the prime factors of 2704882.
2, 1352441
What are the prime factors of 15830317?
29, 545873
What are the prime factors of 37830396?
2, 3, 3152533
List the prime factors of 2517492.
2, 3, 193, 1087
What are the prime factors of 17130832?
2, 17, 62981
List the prime factors of 777986.
2, 11, 35363
List the prime factors of 208341.
3, 7, 3307
What are the prime factors of 1412293?
67, 107, 197
List the prime factors of 20788368.
2, 3, 163, 2657
List the prime factors of 711492.
2, 3, 211, 281
What are the prime factors of 1056766?
2, 528383
List the prime factors of 223364.
2, 19, 2939
List the prime factors of 210704.
2, 13, 1013
List the prime factors of 2665299.
3, 7, 13, 751
List the prime factors of 20100501.
3, 197, 3779
What are the prime factors of 1223858?
2, 29, 21101
List the prime factors of 73283.
7, 19, 29
What are the prime factors of 240602?
2, 59, 2039
What are the prime factors of 14247188?
2, 19, 187463
List the prime factors of 5915630.
2, 5, 7, 84509
List the prime factors of 1781885.
5, 7, 1039
What are the prime factors of 3256656?
2, 3, 13, 17, 307
What are the prime factors of 1568532?
2, 3, 7, 71, 263
What are the prime factors of 426281?
31, 13751
List the prime factors of 7062083.
7, 971, 1039
List the prime factors of 6648697.
11, 604427
List the prime factors of 3664819.
61, 73, 823
List the prime factors of 7642812.
2, 3, 53, 61, 197
What are the prime factors of 22188870?
2, 3, 5, 11, 31, 241
List the prime factors of 126450.
2, 3, 5, 281
What are the prime factors of 8290085?
5, 29, 57173
What are the prime factors of 98088?
2, 3, 61, 67
List the prime factors of 535959.
3, 17, 31, 113
What are the prime factors of 5905667?
5905667
What are the prime factors of 16377?
3, 53, 103
What are the prime factors of 12100300?
2, 5, 23, 5261
What are the prime factors of 28059969?
3, 7, 1336189
What are the prime factors of 17621757?
3, 47, 41659
What are the prime factors of 203989?
203989
What are the prime factors of 2545470?
2, 3, 5, 28283
List the prime factors of 239099.
7, 34157
What are the prime factors of 311114?
2, 155557
List the prime factors of 191627.
191627
What are the prime factors of 1593535?
5, 47, 6781
What are the prime factors of 39110?
2, 5, 3911
What are the prime factors of 25631948?
2, 151, 42437
What are the prime factors of 220108?
2, 7, 1123
What are the prime factors of 1916054?
2, 7, 136861
List the prime factors of 3329869.
101, 32969
What are the prime factors of 12245968?
2, 7, 53, 2063
List the prime factors of 204219.
3, 22691
What are the prime factors of 11502384?
2, 3, 239633
List the prime factors of 1734568.
2, 11, 23, 857
What are the prime factors of 10022?
2, 5011
What are the prime factors of 53634?
2, 3, 7, 1277
What are the prime factors of 2087810?
2, 5, 103, 2027
List the prime factors of 5010811.
13, 47, 59, 139
List the prime factors of 1540095.
3, 5, 102673
List the prime factors of 651321.
3, 11, 17, 43
List the prime factors of 1286047.
7, 41, 4481
What are the prime factors of 67787?
53, 1279
List the prime factors of 7692162.
2, 3, 223, 5749
What are the prime factors of 9241777?
9241777
List the prime factors of 4071943.
23, 31, 5711
List the prime factors of 140459.
11, 113
What are the prime factors of 93072?
2, 3, 7, 277
What are the prime factors of 28746066?
2, 3, 4791011
What are the prime factors of 345081?
3, 11, 10457
List the prime factors of 438529.
7, 13, 61, 79
List the prime factors of 4301905.
5, 860381
What are the prime factors of 41424?
2, 3, 863
What are the prime factors of 262011?
3, 87337
List the prime factors of 330260.
2, 5, 7, 337
What are the prime factors of 84144?
2, 3, 1753
What are the prime facto